 p - -32. What is z(d)?
0
Let w(f) be the first derivative of f**4/4 + f**2/2 - 13*f + 1. Let j(q) = 283*q + 2830. Let x be j(-10). Give w(x).
-13
Let o(q) = 6 + 4 + 1 - 2*q**2 + 14*q - 24 + 12. Calculate o(6).
11
Suppose 3*h + 11 = 4*v + 14, -5*v - 3*h = -30. Let q(a) = 3*a. Calculate q(v).
9
Suppose 100*x - 103*x + 3*a - 15 = 0, 2*a = -6. Let u(n) = n**3 + 7*n**2 - 11*n - 12. Calculate u(x).
12
Let n(h) = h**2 - 10*h - 8. Let x = 183 - 171. Determine n(x).
16
Let p(u) = 5*u**2 - 7*u + 15. Let x(h) = -h**2 + 2*h - 4. Let k(c) = -2*p(c) - 9*x(c). Let w = 20 - 25. Calculate k(w).
1
Suppose 3*r - 390 = 4*r + 5*d, -390 = r - 2*d. Let f be 2/13 - (-840)/r. Let x(p) = 4*p - 1. Determine x(f).
-9
Let n(b) = -5*b + 3. Let p(u) = 14*u - 10. Let q(j) = -11*n(j) - 4*p(j). Suppose -280 = -121*c + 161*c. What is q(c)?
14
Let o(j) = j - 1. Let p(m) = -2. Let h(f) = -17. Let s(a) = -2*h(a) + 14*p(a). Let r(v) = -4*o(v) - s(v). Suppose -c = y + 6, 26 = -3*y + 2*c - 7*c. Give r(y).
6
Let q be 15/(4/(-4)) + 0/4. Let x be ((-4 - 3/q) + 4)*15. Let h(r) = -r**2 + 4*r - 1. Determine h(x).
2
Let d(a) be the second derivative of a**4/12 - a**3/2 - 3*a**2 + 25*a - 1. Let g(q) = q**2 - 4. Let p be g(3). Give d(p).
4
Let l be (-2 - (-9 + 3)) + -3. Let n(h) = -l + h**2 + 4*h + 0 - 3*h. Suppose 0 = -3*j - 4 - 2. Determine n(j).
1
Let r(z) = -4*z + 21. Let a(i) = -2*i + 25. Let l(u) = 3*a(u) - 2*r(u). Give l(-12).
9
Let f(n) = -n - 5. Suppose q + 8*d + 22 = 6*d, 70 = -4*q + d. Calculate f(q).
13
Let t(w) be the first derivative of 5*w**2/2 + w + 266. Let m = 3 - 4. Determine t(m).
-4
Let x(m) = m**3 - 49*m**2 + 51*m - 153. Let z be x(48). Let w(c) = -2*c - 2 + 3*c - 2*c. Give w(z).
7
Let a(o) = -2*o**2 + o**2 - 7*o + 2 - 1. Let r(i) = -i**2 + 38*i + 658. Let d be r(-13). Determine a(d).
11
Let p(q) = -q**2 - 9*q - 8. Let j be p(-7). Let l(t) = -4*t - t**2 - 3 + 7 + 8*t. What is l(j)?
-8
Let z(q) = q**2 - 5*q + 3. Suppose -115 = -i - 35. Let b = i - 75. Determine z(b).
3
Suppose -g - 4 + 46 = 3*u, 0 = -4*g + 4*u + 120. Let r = g + -28. Let z(w) = -5 - w**3 + 4*w**2 + 7*w - 2*w + 2*w. Determine z(r).
5
Let v(c) be the first derivative of -c**4/4 + 2*c**3 - 3*c**2 + 2*c + 55. Calculate v(5).
-3
Let a(r) be the second derivative of -4*r**3/3 - 3*r**2 - 3*r + 5. What is a(-4)?
26
Let o(t) = 1 - t + 325*t**2 + t - 327*t**2 + 4*t + 4. Give o(3).
-1
Let r(y) be the third derivative of 0 - 10*y**2 - 1/12*y**4 + 0*y - 1/6*y**3. Suppose 10*m - 15*m + 10 = 0. Determine r(m).
-5
Let u(r) = -5*r + 5. Let v = -1163 - -1162. Give u(v).
10
Suppose 7*q + 2*p = 5*q + 4, 3*p = -5*q + 20. Let n(z) = z**3 - 8*z**2 + 9*z - 5. Determine n(q).
9
Let x(u) = -u + 2. Let q be x(6). Suppose 5*l + b - 3*b - 196 = 0, 3*l + 5*b = 130. Let o(s) = -10 + 2*s + l - 17 - 18. Calculate o(q).
-13
Let z(y) = -y**3 + 2 + 7*y + 34*y**2 - 2 - 30*y**2. Let d be 1/((-6)/(5 + -3))*-15. Determine z(d).
10
Let z(f) = -7*f - 4. Let y(i) = 15*i + 9. Let v(w) = -4*y(w) - 10*z(w). Calculate v(-3).
-26
Suppose -8*w = -9 - 7. Let c(a) = -5*a + 6*a + 8*a**w + a**3 - 6*a**2. What is c(-3)?
-12
Let t(w) = -w**2 - 4*w + 3. Let c(m) = -5*m**3 - 2*m**3 - 4 + 8*m**3. Let h be c(0). Determine t(h).
3
Let f(q) = q - 15 + 2*q + 55. Determine f(-17).
-11
Let a(v) = -v**3 - 16. Suppose -4*u + 5*w - 5 = 0, 4*u + 41*w + 4 = 45*w. Calculate a(u).
-16
Let n be ((-24)/10)/(110/(-275)). Let a(z) = z - 10. Give a(n).
-4
Suppose 78 = 7*r - 13. Let m(n) = -n + 13. Determine m(r).
0
Suppose 2 = 5*m + 42. Let u(r) = 6588*r**2 + 6595*r**2 - 2 - 13191*r**2 - r**3. Calculate u(m).
-2
Let h = -5 + 7. Suppose 8 = i - 3*x, -2*i - x - h = -4. Suppose i*a - 5*y = -4*y, 4*y = 2*a + 6. Let z(m) = 5*m**2 - m + 1. Determine z(a).
5
Let z(l) = -3259 - 3*l**2 + 3260 + l**3 - 2*l**2 - 3*l. Determine z(4).
-27
Let h(k) = -2*k - 1. Let v(f) = -20*f + 3. Let j(r) = -18*h(r) + 2*v(r). Determine j(10).
-16
Let n(u) = -10*u. Let x(p) = p**2 - 9*p - 1. Let j be x(10). Let w = j - 8. Determine n(w).
-10
Suppose -6*g - 32 = -2. Suppose -2*i - 12 = -0*i. Let v(o) = -7*o - 3. Let t(h) = 6*h + 2. Let u(f) = g*v(f) + i*t(f). Determine u(4).
-1
Let s(t) = -1 + t**3 + 0*t + t**2 - 2*t**3 + 0*t**3 + 4*t. Let k = 2 - -2. Suppose -a = -k*x + 7, -2 = x - 4*a + 3*a. Determine s(x).
-7
Suppose 2*x - 3*b + 21 = 3*x, -87 = -3*x - b. Suppose 13*m = 3*m - x. Let s(d) be the third derivative of -d**5/60 - d**4/24 + d**3/3 + d**2. What is s(m)?
-4
Let j(l) = l**3 - 4*l**2 - 5*l + 1. Let u(n) = n**3 - 12*n**2 + 11*n - 5. Let q be u(11). Let p(t) = -7 + 2 + 0 - 2*t. Let x be p(q). Calculate j(x).
1
Let b(r) = 5*r**2 - 3*r + 10. Suppose j = -9 + 2. Let y(k) = 2*k**2 - 2*k + 5. Let o(n) = j*y(n) + 3*b(n). Calculate o(-6).
1
Suppose 0 = -9*m - 19 + 55. Let j(n) = -2*n + 3. Determine j(m).
-5
Let t be (-136)/(-3 + 20/5). Let c be (t/85)/(4/10). Let p(y) = y**2 + 3*y + 3. What is p(c)?
7
Let l(j) = -8*j + 7. Let b(d) = 5*d - 3. Let q(m) = -5*b(m) - 3*l(m). Calculate q(-4).
-2
Let u be 10*(3 - (-18)/4). Suppose 4*j + u = 71. Let c(z) = 3*z + 1. What is c(j)?
-2
Let l(v) be the third derivative of -v**4/3 - v**3 - 38*v**2 - v. Calculate l(-5).
34
Let g(m) = m - 3. Let l(w) = -5*w + 2. Let f be l(2). Let j = 17 + f. Suppose 3*q = 6*q - j. Calculate g(q).
0
Suppose -3*l + 12 + 0 = 0, -l = -2*g + 2. Let m(r) = 14 + 3*r - r**g + 3*r**2 - 9 - 2 - 6*r**2. Calculate m(-4).
7
Let x(p) be the first derivative of -p**3/3 + 3*p**2/2 + 5*p + 2. Suppose 3*o - 3 = 6. Let t(d) = -d**2 + 3*d + 4. Let h(c) = o*t(c) - 2*x(c). Determine h(4).
-2
Let p(z) = 1 - 7*z**2 + z + 40092*z**3 + 0 - 40091*z**3 + 5 + 0*z. Determine p(7).
13
Let t be -5 + (-225)/(-6)*(-4)/(-24). Let w(d) be the first derivative of -t*d**4 - 1/2*d**2 - 1 + 0*d**3 + d. What is w(1)?
-5
Let h(t) = 8*t**3 - t**2 + t - 1. Suppose -7802 = 10*g - 7812. Give h(g).
7
Let p be (60/(-5))/(14/4 + -2). Let k be p/8 - (0 + 0). Let a(f) = -3*f**3 + f. Calculate a(k).
2
Let g(o) = 2*o - 43. Let l be (-207)/(-6)*(-12)/(-18). Determine g(l).
3
Let u(v) = 1 + 9*v**3 - 30*v**2 - 2*v + v**3 + 32*v**2 - v**3. Give u(1).
10
Let l(u) = 22*u + 1. Suppose 0 = 5*y + 2*o - 1, -4*o + 28 = 16. What is l(y)?
-21
Let k = 228 + -226. Let o(u) = -3*u**2 + u - 2. What is o(k)?
-12
Let c(q) = 4 + 0*q**2 - 2 - 10*q**2 + q - q**3 + 4*q**2. Determine c(-6).
-4
Let q(y) = y**2 - 2609*y + 2 + 5221*y + 5 - 2615*y. Give q(6).
25
Let u(q) = -190*q**3 + 6*q**2 + 16*q - 5. Let y(m) = 39*m**3 - m**2 - 3*m + 1. Let o(c) = -2*u(c) - 11*y(c). Give o(1).
-50
Let x(n) = -n**2 + 7*n - 2. Suppose 3*w - 16 = -c, -4*w + 5*c + 10 = -5. Suppose -s = -y - 0*s + w, 5*y = -s + 25. Determine x(y).
8
Let s(q) = -q - 1. Suppose 0 = 3*l + 2*x + 24, -2*l + x + 13 - 36 = 0. Give s(l).
9
Let f(o) = 2*o - 6. Let r be f(0). Let q(l) = -5*l**2 + 5 - 6 - 2*l**2 - l**3 + 4*l - 11*l. Determine q(r).
5
Let q(v) be the third derivative of v**4/24 - v**3 + 71*v**2. Let y = -5 - -5. Suppose -4*d + 4 = x - 3*x, y = 5*x - 4*d + 4. What is q(x)?
-6
Suppose -91*o + 672 - 399 = 0. Let j(p) = -p**3 - 4*p**2 + 7*p. Let v(m) = 2*m**3 + 7*m**2 - 13*m - 1. Let t(x) = -7*j(x) - 4*v(x). Give t(o).
-14
Let b(f) = f**3 - 11*f**2 + 2*f - 22. Let q be b(11). Suppose 6 = 2*u - q. Let s(k) = k**3 - 4*k**2 + 5*k - 4. What is s(u)?
2
Let t(q) = q**2 - 9*q + 7. Let a(g) = -g**2 - 6*g + 2. Suppose 72 = -4*m + 52. Let s be a(m). What is t(s)?
-7
Let k(t) be the third derivative of -t**6/120 + t**5/20 + t**4/6 + 5*t**3/6 + 171*t**2. Determine k(4).
5
Let h = -23 - -29. Let a(o) = 2*o + 3*o + 3*o - h*o. Give a(2).
4
Let f be (258/(-172))/((-3)/(-8)). Let t(i) = 8*i + 2. Determine t(f).
-30
Let r(b) = 5*b**2 - 2*b - 2. Let s(c) = -8*c**2 + 110*c + 30. Let u be s(14). Give r(u).
14
Let x(d) be the first derivative of -1/2*d**2 + d**3 - 7 - 1/4*d**4 - 2*d. Calculate x(2).
0
Let g(u) = u**2 + 4*u - 5. Let b(f) = 2*f + 26. Let x be (-6)/(((-4)/64)/((-2)/12)). Let r be b(x). What is g(r)?
7
Let s(x) be the first derivative of x**3/3 - 6*x**2 + 12*x - 57. Calculate s(10).
-8
Let u(n) = n**3 - 7*n**2 + 5*n - 3. Suppose z - a - 9 = 0, 5*a - 32 = 2*z - 59. Determine u(z).
-9
Let p(k) = 27*k - 27. Let y(a) = -70*a + 69. Let z(h) = -13*p(h) - 5*y(h). Let w be 3/(-2 + (-5)/(-2)). What is z(w)?
0
Let x(n) = -5*n - 7. Let v = -83 + 128. Suppose 0*q = 4*a 